.
18
What is the highest common factor of 740 and 60?
20
Calculate the greatest common factor of 34 and 170.
34
Calculate the highest common factor of 162 and 16362.
162
What is the highest common factor of 850 and 50?
50
What is the greatest common factor of 18 and 16?
2
Calculate the highest common divisor of 45 and 33.
3
What is the greatest common factor of 30 and 2130?
30
What is the highest common factor of 3534 and 1026?
114
Calculate the highest common divisor of 98 and 56.
14
What is the highest common divisor of 59 and 649?
59
What is the highest common factor of 76 and 14516?
76
Calculate the highest common divisor of 32 and 336.
16
Calculate the highest common divisor of 14125 and 226.
113
What is the highest common divisor of 21705 and 15?
15
Calculate the highest common factor of 1276 and 484.
44
Calculate the highest common divisor of 299 and 377.
13
Calculate the highest common divisor of 122 and 13786.
122
Calculate the greatest common divisor of 150 and 6.
6
Calculate the highest common factor of 530 and 70.
10
What is the greatest common divisor of 345 and 120?
15
What is the greatest common divisor of 159 and 42135?
159
Calculate the highest common factor of 224 and 28.
28
Calculate the highest common factor of 322 and 994.
14
Calculate the highest common divisor of 759 and 66.
33
Calculate the greatest common factor of 299 and 8671.
299
What is the highest common divisor of 300 and 375?
75
What is the greatest common factor of 210 and 230?
10
Calculate the greatest common divisor of 38 and 893.
19
Calculate the greatest common divisor of 30 and 60.
30
Calculate the greatest common divisor of 1568 and 288.
32
What is the highest common divisor of 1352 and 312?
104
What is the highest common divisor of 6566 and 294?
98
What is the highest common factor of 2 and 364?
2
Calculate the greatest common factor of 91 and 14.
7
Calculate the greatest common divisor of 112 and 504.
56
Calculate the greatest common divisor of 69 and 483.
69
Calculate the greatest common factor of 2637 and 9.
9
What is the highest common factor of 98 and 49?
49
Calculate the highest common divisor of 280 and 152.
8
Calculate the highest common divisor of 300 and 330.
30
What is the highest common divisor of 26895 and 330?
165
What is the highest common factor of 42425 and 50?
25
What is the greatest common factor of 12 and 196?
4
Calculate the greatest common factor of 9 and 64.
1
Calculate the highest common factor of 118 and 944.
118
What is the highest common divisor of 3869 and 73?
73
Calculate the greatest common factor of 455 and 195.
65
What is the greatest common divisor of 24 and 2136?
24
Calculate the greatest common divisor of 220 and 16.
4
Calculate the highest common divisor of 22 and 8437.
11
Calculate the highest common divisor of 179 and 13067.
179
Calculate the greatest common divisor of 112 and 32.
16
Calculate the greatest common divisor of 4864 and 38.
38
Calculate the greatest common divisor of 598 and 377.
13
What is the highest common factor of 1200 and 1425?
75
What is the highest common divisor of 4097 and 482?
241
Calculate the greatest common factor of 15 and 2985.
15
What is the greatest common divisor of 2985 and 15?
15
Calculate the highest common factor of 14 and 112.
14
What is the greatest common divisor of 52 and 2158?
26
What is the highest common factor of 204 and 48?
12
What is the highest common factor of 171 and 13851?
171
What is the highest common factor of 450 and 54?
18
What is the highest common factor of 994 and 1?
1
Calculate the highest common factor of 1848 and 273.
21
Calculate the greatest common factor of 227 and 1.
1
Calculate the greatest common factor of 27 and 1431.
27
Calculate the highest common factor of 4 and 3868.
4
What is the greatest common divisor of 21 and 7084?
7
Calculate the greatest common divisor of 616 and 1386.
154
What is the greatest common factor of 22 and 264?
22
Calculate the highest common factor of 98 and 278.
2
What is the greatest common divisor of 1377 and 34?
17
What is the highest common divisor of 352 and 96?
32
Calculate the greatest common factor of 144 and 36.
36
Calculate the highest common factor of 1170 and 20.
10
What is the highest common divisor of 135 and 405?
135
What is the highest common factor of 187 and 833?
17
Calculate the highest common divisor of 414 and 36.
18
What is the highest common divisor of 43 and 215?
43
Calculate the greatest common divisor of 92 and 644.
92
What is the greatest common divisor of 25 and 60?
5
What is the highest common divisor of 5092 and 536?
268
What is the greatest common factor of 108 and 36?
36
What is the highest common divisor of 451 and 82?
41
What is the greatest common divisor of 24 and 1896?
24
Calculate the highest common divisor of 9339 and 66.
33
What is the greatest common divisor of 7 and 329?
7
What is the highest common divisor of 28 and 56?
28
What is the greatest common divisor of 968 and 440?
88
Calculate the greatest common factor of 24 and 328.
8
What is the greatest common factor of 76 and 95?
19
What is the highest common factor of 504 and 288?
72
Calculate the highest common divisor of 464 and 37816.
232
What is the highest common divisor of 945 and 105?
105
What is the highest common factor of 1909 and 138?
23
What is the highest common factor of 7260 and 60?
60
Calculate the greatest common factor of 274 and 1781.
137
Calculate the greatest common factor of 267 and 89.
89
What is the greatest common factor of 84 and 196?
28
Calculate the greatest common factor of 844 and 20.
4
Calculate the greatest common factor of 24 and 12444.
12
Calculate the highest common factor of 193 and 34547.
193
What is the highest common divisor of 1205 and 5?
5
What is the greatest common divisor of 1464 and 5490?
366
What is the highest common factor of 1738 and 176?
22
Calculate the greatest common factor of 117 and 2522.
13
What is the greatest common divisor of 7 and 6195?
7
Calculate the greatest common divisor of 1 and 103.
1
Calculate the greatest common divisor of 192 and 144.
48
What is the highest common factor of 689 and 663?
13
What is the greatest common divisor of 125 and 125?
125
Calculate the greatest common factor of 3 and 421.
1
What is the greatest common divisor of 10823 and 137?
137
What is the highest common factor of 70 and 350?
70
Calculate the greatest common divisor of 4601 and 107.
107
Calculate the highest common divisor of 1194 and 1393.
199
What is the highest common factor of 217 and 14?
7
What is the highest common divisor of 32 and 1872?
16
Calculate the highest common divisor of 158 and 5.
1
What is the greatest common divisor of 473 and 132?
11
What is the greatest common factor of 13 and 52?
13
Calculate the greatest common factor of 126 and 350.
14
What is the greatest common factor of 14 and 14?
14
What is the greatest common factor of 182 and 6825?
91
What is the highest common factor of 9 and 183?
3
What is the highest common divisor of 1059 and 6?
3
What is the greatest common divisor of 44752 and 32?
16
Calculate the highest common factor of 91 and 195.
13
What is the greatest common divisor of 10 and 60?
10
What is the highest common factor of 176 and 14192?
16
Calculate the highest common divisor of 77 and 2821.
7
What is the greatest common divisor of 20 and 30?
10
Calculate the greatest common factor of 69 and 621.
69
Calculate the highest common divisor of 560 and 90.
10
Calculate the greatest common divisor of 10 and 680.
10
What is the highest common factor of 1716 and 36?
12
What is the greatest common factor of 5 and 4535?
5
Calculate the greatest common factor of 48 and 20.
4
What is the highest common divisor of 10 and 1620?
10
Calculate the highest common divisor of 175 and 42525.
175
Calculate the greatest common factor of 6765 and 110.
55
What is the highest common factor of 204 and 7412?
68
Calculate the highest common divisor of 14 and 163.
1
Calculate the greatest common factor of 247 and 13.
13
Calculate the highest common factor of 258 and 18.
6
Calculate the greatest common factor of 31 and 62.
31
What is the greatest common factor of 68 and 1054?
34
Calculate the highest common divisor of 840 and 1080.
120
Calculate the greatest common divisor of 20 